s -6 - 2978?
-2984
In base 8, what is 20 + 2252?
2272
In base 9, what is 156330 + 4?
156334
In base 15, what is 3 - -27352?
27355
In base 11, what is -33 + 6?
-28
In base 6, what is -23334353 + 3?
-23334350
In base 16, what is 3 + 3530e?
35311
In base 10, what is 35 + -4022?
-3987
In base 12, what is 10bb0 + 2b?
1101b
In base 15, what is -1 + -1e303?
-1e304
In base 7, what is -3 + 42200?
42164
In base 2, what is 10000010100101000 - 11?
10000010100100101
In base 9, what is -103 + 460?
356
In base 4, what is 10 - -103213013?
103213023
In base 9, what is -2418 - 123?
-2542
In base 11, what is 15a6a - 3?
15a67
In base 10, what is -102 - -1032?
930
In base 2, what is 1 + 110001100011?
110001100100
In base 14, what is -141 + 6064?
5d23
In base 7, what is -2111121 - 2?
-2111123
In base 4, what is 30221211 - -1?
30221212
In base 2, what is -11110101011100110 - 0?
-11110101011100110
In base 8, what is 0 - 531005?
-531005
In base 3, what is 10 + 220221021?
220221101
In base 8, what is 5433 - 0?
5433
In base 10, what is 0 - -8955?
8955
In base 9, what is -57467 - 1?
-57468
In base 16, what is 12994d + 4?
129951
In base 16, what is 2 + -5dbfb?
-5dbf9
In base 5, what is 324 + 441?
1320
In base 9, what is -281547 + 7?
-281540
In base 11, what is 38 - 11851?
-11814
In base 3, what is 11001121201 - -202?
11001122110
In base 16, what is 5 - -5a43?
5a48
In base 16, what is 141 + 1c?
15d
In base 14, what is 1 - -495cc?
495cd
In base 16, what is 1e6f8 - -6?
1e6fe
In base 3, what is -122 - -12120111?
12112212
In base 7, what is -16001 - 13?
-16014
In base 5, what is 43343 - -4?
43402
In base 6, what is 4 - 51515?
-51511
In base 9, what is -75732 + 1?
-75731
In base 13, what is 402 + 92?
494
In base 5, what is -3223 + -1030?
-4303
In base 14, what is a5 + 2bb8?
2c7d
In base 14, what is 5 - -19a60?
19a65
In base 10, what is -641001 + -5?
-641006
In base 11, what is -2912 - -6?
-2907
In base 13, what is a59b + -3?
a598
In base 7, what is -34406 + 441?
-33635
In base 4, what is 2 + 301332?
302000
In base 3, what is 1202120212 - 10?
1202120202
In base 11, what is 17133 - 10?
17123
In base 7, what is 501062 + -146?
500613
In base 3, what is 2011021100 - -1?
2011021101
In base 14, what is 665 - -33?
698
In base 5, what is -3121 - 232310?
-240431
In base 9, what is 6042 - 4?
6037
In base 15, what is 4 + -b384c?
-b3848
In base 14, what is -d1c4 + -2?
-d1c6
In base 12, what is -2b279 - 0?
-2b279
In base 3, what is -11120120 - 2112?
-11200002
In base 16, what is -4 + -2de3?
-2de7
In base 14, what is -14b - cb?
-238
In base 16, what is -17ae + -3?
-17b1
In base 9, what is 30 + -25?
4
In base 13, what is 5 + -1280?
-1278
In base 11, what is 12 + 45527?
45539
In base 3, what is -12000220 + 21?
-12000122
In base 16, what is -333 + -16d8?
-1a0b
In base 13, what is 9 + 1877?
1883
In base 8, what is -111011 + -2?
-111013
In base 15, what is -7b1 + 9?
-7a7
In base 3, what is -20012 + -10012220?
-10110002
In base 3, what is 2110211202 - 20?
2110211112
In base 8, what is 1051060 - -3?
1051063
In base 7, what is 66005 + 4?
66012
In base 11, what is 63 - -158?
210
In base 4, what is -121223 - -33?
-121130
In base 13, what is -53 + 4a7?
454
In base 12, what is 51890 - 9?
51883
In base 2, what is -11110100 + -1010010111101?
-1010110110001
In base 5, what is -2100 + -11132?
-13232
In base 6, what is 53252 - 3?
53245
In base 4, what is -1 - -30301212?
30301211
In base 12, what is -12b5 + -1?
-12b6
In base 4, what is 333112 - -11?
333123
In base 14, what is -1d50 + 3b?
-1d13
In base 12, what is 12a859 - -3?
12a860
In base 5, what is -24 - 20442?
-21021
In base 4, what is 30001102 + -13?
30001023
In base 16, what is 1985a0 - -4?
1985a4
In base 11, what is -33a2 + 64?
-3339
In base 15, what is 3 + 8a7a?
8a7d
In base 7, what is -363 + 63?
-300
In base 16, what is -1e9 - -2b?
-1be
In base 13, what is -10 - 89752?
-89762
In base 6, what is -2220032 - 1?
-2220033
In base 11, what is 13 - 66a9?
-6696
In base 10, what is 26 + -26581?
-26555
In base 3, what is 1220 - 2122?
-202
In base 15, what is -356bb + -4?
-356c0
In base 9, what is 31768 + 164?
32043
In base 5, what is 1 + -1202431?
-1202430
In base 8, what is 27034 + -5?
27027
In base 2, what is 10000000110001110 + 110?
10000000110010100
In base 6, what is -5 - 152020?
-152025
In base 9, what is -13126 + 171?
-12845
In base 12, what is 1b94 + -b1?
1aa3
In base 16, what is 2cb7b - 5?
2cb76
In base 14, what is -591 - -4b?
-544
In base 2, what is -1001010 - 110010?
-1111100
In base 7, what is -152110 + 53?
-152024
In base 15, what is -39417 - -11?
-39406
In base 11, what is 4 - 990240?
-990237
In base 8, what is -2 - 360573?
-360575
In base 7, what is 4 - -44104?
44111
In base 10, what is -102384 + -4?
-102388
In base 10, what is 26 - -523?
549
In base 6, what is -1052 - -3440?
2344
In base 2, what is -100 + -10101011111000?
-10101011111100
In base 9, what is 5451103 + -4?
5451088
In base 16, what is -136ca - -4?
-136c6
In base 3, what is -10 - -2011011100?
2011011020
In base 11, what is -3 - 19a574?
-19a577
In base 13, what is -1 - 2263?
-2264
In base 13, what is 21 + 25c9?
261a
In base 7, what is -3 + -312521?
-312524
In base 6, what is -3554311 - -3?
-3554304
In base 6, what is 1214 - -403?
2021
In base 6, what is -5 + 122400?
122351
In base 14, what is -3 + 4138?
4135
In base 14, what is -6 + -3523?
-3529
In base 11, what is 56 + -6a5?
-64a
In base 9, what is 288831 + -2?
288828
In base 10, what is -162907 + -2?
-162909
In base 13, what is 6 + -17b6?
-17b0
In base 8, what is -105400 + -1?
-105401
In base 2, what is -110101 + 100010000?
11011011
In base 9, what is -1425 + 17?
-1407
In base 4, what is 3 - 3032221?
-3032212
In base 5, what is 1021022 + -213?
1020304
In base 11, what is -5 - 14a68?
-14a72
In base 9, what is -417111 + -1?
-417112
In base 8, what is 77 + 4270?
4367
In base 8, what is 10 - -36623?
36633
In base 13, what is -1b7a - -14?
-1b66
In base 7, what is 14535 - 631?
13604
In base 4, what is 310303123 - 3?
310303120
In base 12, what is -5449 + -b4?
-5541
In base 12, what is -4254 - -5b9?
-3857
In base 15, what is 10c - 4c?
b0
In base 5, what is -2 - 203442242?
-203442244
In base 12, what is 3 - 336b81?
-336b7a
In base 11, what is -109907 + 9?
-1098a9
In base 13, what is -5a1 + 12?
-58c
In base 13, what is 4 - -559b?
55a2
In base 16, what is -1233 + -16?
-1249
In base 11, what is 5177 - -120?
5297
In base 15, what is 2d53 - 2b?
2d27
In base 2, what is -1111 - 1100110011?
-1101000010
In base 3, what is 1 - 112000011?
-112000010
In base 15, what is -63e6 + 3?
-63e3
In base 14, what is -aac - 67?
-b35
In base 2, what is -100100110010010 + 10011?
-100100101111111
In base 6, what is -2114 + -20245?
-22403
In base 7, what is 1210114 + 1?
1210115
In base 15, what is 5 + 15e69?
15e6e
In base 4, what is -1113312212 - -33?
-1113312113
In base 2, what is -1110001101 - 101101?
-1110111010
In base 3, what is -10201 + 102220?
22012
In base 10, what is 1334 - -96?
1430
In base 2, what is 101110 - 10111011100?
-10110101110
In base 4, what is -1102033303 - 2?
-1102033311
In base 3, what is -2 - 111?
-120
In base 7, what is -2624404 - 0?
-2624404
In base 7, what is -161 - -2001?
1510
In base 7, what is 216 + 200461?
201010
In base 10, what is 98315 - 1?
98314
In base 10, what is -7 + -137?
-144
In base 10, what is -26289 + -1?
-26290
In base 2, what is -111111101101 - -10111?
-111111010110
In base 6, what is -5 + 155145?
155140
In base 4, what is -3 + 2131220?
2131211
In base 16, what is -3e5fc + 0?
-3e5fc
In base 6, what is 23122 + -21?
23101
In base 14, what is -3ba33 + -8?
-3ba3b
In base 13, what is -5 - 3c5073?
-3c5078
In base 10, what is -98071 + 9?
-98062
In base 10, what is 61 - -895?
956
In base 3, what is 220021011 + -110?
220020201
In base 14, what is 12 - -cb8?
cca
In base 11, what is 6627a4 - 0?
6627a4
In base 16, what is -5 - -543d?
5438
In base 14, what is -14 - -4403?
43cd
In base 9, what is 44 - 85?
-41
In base 5, what is 2244124 + -13?
2244111
In base 9, what is -464500 + -1?
-464501
In base 6, what is -10312 + -205?
-10521
In base 3, what is 202001 - -222200?
1201201
In base 8, what is 31102 - -3?
31105
In base 2, what is -10100110101000 - 10100101?
-10101001001101
In base 2, what is -10110 - 1000001101000110?
-1000001101011